 Determine i(t).
5
Let s(x) = -2*x**2 + 8*x - 3. Let q(y) = 10*y - 7. Let m be q(-8). Let r be (145/m)/((-2)/6). What is s(r)?
-13
Suppose 4*f + 2*n = -18, -5*n + 10 = -5*f - 5. Let v(u) = -u**3 - 5*u**2 - 3*u + 1. Give v(f).
-3
Let b(f) = -6 + 16 - 9 + 8*f - 2*f. What is b(-3)?
-17
Let j(k) be the first derivative of k**7/840 - k**4/24 - 2*k**3/3 + 14. Let s(x) be the third derivative of j(x). What is s(2)?
7
Suppose -3*v = 15 - 0. Let x(l) = -7*l**3 - 5*l**2 - 6*l - 2. Let k(r) = 20*r**3 + 15*r**2 + 17*r + 5. Let o(t) = -6*k(t) - 17*x(t). Determine o(v).
4
Let i(z) = z**2 - 7*z - 1. Let m be (-2)/(-5) - 48/(-30). Suppose 5 = q, 5*a + 2*q + 55 = -m*q. Let g be 14 + -4 - a/(-5). Give i(g).
-1
Suppose -3*w = -f + w + 9, -3*f - 3*w = 33. Let a(k) be the third derivative of k**4/24 + 8*k**3/3 + 246*k**2 + 2*k. Give a(f).
9
Let y(u) = 2*u**2 - 2*u - 2. Suppose -3*b - 5*q = -7*b - 2, -10 = -3*b - 2*q. Give y(b).
2
Let g be 35 + -1 + -4 + 2. Suppose 2*o = f + 7*o - g, 0 = -f + o + 2. Let j(b) = b - 1. Determine j(f).
6
Let l(i) = -2*i**2 + 4*i + 1. Let v = 144 - 139. Suppose -9*u - 10 = v*o - 4*u, -3*u = 5*o. What is l(o)?
-5
Let u(c) = 16*c**2 + 107. Let b(i) = -7*i**2 - 55. Let z(p) = 7*b(p) + 3*u(p). Determine z(0).
-64
Suppose 0 = -18*g - 28*g + 230. Let h(q) = q**3 - 5*q**2 - 7*q + 2. Determine h(g).
-33
Let y be 24/(-9)*(-9)/(-4). Let r = y + 0. Let d = r + 10. Let z(b) = b**3 - 4*b**2 - b + 3. Calculate z(d).
-1
Let n be (0 - 3/9)*-6. Let h = -8 - -10. Let p(m) = 3*m**n + 3*m**2 + 5 - 8*m - 6*m**2 + m**3 - 5*m**h. Determine p(6).
-7
Suppose 14*a = 16 + 26. Let z(d) = 24 - 20 - a*d + 5*d. Calculate z(3).
10
Suppose -195 = -p - 0*p. Let g(n) = -1 + 193*n + 7 - p*n. What is g(-7)?
20
Let m be 85/5 + -8 + -8. Let f(i) = -16*i - 2. What is f(m)?
-18
Suppose 69*d - 2 = 71*d. Let z(b) = -15*b - 5. Let a(s) = 3*s + 1. Let q be 1/(-3)*(10 - 4). Let l(p) = q*z(p) - 11*a(p). What is l(d)?
2
Let x(w) = w**3 - 3*w**2 - 4*w + 3. Suppose -3*o - 19 + 7 = 0. Let t be ((-6)/o)/(9/18). Determine x(t).
-9
Let h(m) = m**3 - 9*m**2 + m + 12. Let k = 616 + -607. Give h(k).
21
Let l(t) = t - 6. Let z(m) = -1. Let n(d) = -l(d) + 5*z(d). Let u be (-1)/(-4) + 6/(-24). Let v be (2 - 3) + -1 - (2 + u). What is n(v)?
5
Let f(s) = -4*s**2 - s + 1. Let x(w) = -w**2 + 2*w + 1. Let y(t) = -f(t) + 2*x(t). Calculate y(-4).
13
Let o(v) = -4*v**2 - 1. Suppose -k - 13 = -9. Let a(x) = 3*x**2 - x. Let c(z) = k*o(z) - 5*a(z). Let i be (-6 - 0 - -2)/1. Give c(i).
0
Suppose -72 = -2*u - 4*u. Let o be 2/(-3) - (484/u)/(-11). Let j(l) = -3*l - 3. Calculate j(o).
-12
Let b be (-90)/36 + (-9)/(-2). Let s(d) be the first derivative of -2*d - 1/4*d**4 + 1/2*d**b + 2 - 1/3*d**3. What is s(-2)?
0
Let o(z) = -z + 10. Let c be (-6)/(-14) - (-1053)/189. Determine o(c).
4
Let x(h) = -h**3 - 5*h**2 + 3*h + 7. Let r(l) = 4*l + 31 - 1 + 3*l. Let a be r(-5). Calculate x(a).
-8
Let q(g) = -2*g**2 - 8*g - 6. Suppose 0 = 4*b - 2*f - 2*f, 0 = -5*b + f - 8. Let p be b*(-31)/(-12) - (-13)/78. Give q(p).
-16
Suppose 4*m + 4*q - 9 = 7, 0 = -3*q + 6. Let n be (7 - 8)/((-1)/m). Let f = n - -4. Let o(g) = -g**3 + 7*g**2 - 7*g + 2. Calculate o(f).
-4
Let o(a) = -a**2 - 3. Let n(q) = q**3 + 17*q**2 + 12*q + 41. Let m(f) = n(f) + 6*o(f). Calculate m(-10).
3
Suppose 2*p + w = -4*w - 15, -44 = 4*p - 4*w. Let z be (-2)/((16/p)/(-4)). Let t(o) = 5*o + 3 + 0*o**2 - 2*o + o**2 + o. Calculate t(z).
8
Let k be (-20)/(-30) - 4/6. Let u(p) be the first derivative of -p**4/4 + p**3/3 + 10. Determine u(k).
0
Let v(x) = 2*x**2 + 21*x + 34. Let d(g) = -3*g**2 - 40*g - 68. Let t(s) = 3*d(s) + 5*v(s). Calculate t(17).
0
Let l = -20 + 20. Let h(w) = 7*w + l*w**3 + 5*w**2 - 1 + 0*w**3 - w**3 + 4. What is h(6)?
9
Suppose 2*a - 11 = 3*p - 2*p, 3*p + 5*a - 22 = 0. Let m(l) = -5*l**2 - 14*l**2 + 40*l**2. Determine m(p).
21
Let h(v) = -v**2 + 3. Let u = -310 + 308. What is h(u)?
-1
Let i(x) = 598 - 3*x**3 + 3*x + 4*x**2 - 1193 + 4*x**3 + 596. Determine i(-1).
1
Let c be (-27)/(-27)*(-8)/1. Let t(p) = -p**2 - 14*p - 10. What is t(c)?
38
Let l(k) = -18*k + 3 - 3 + 36*k - 16*k. Give l(6).
12
Suppose -4*d = 14 - 34. Let t(g) = g**3. Let k(z) = 6*z**2 - 7*z - 2. Let o(h) = k(h) - t(h). Determine o(d).
-12
Let v(w) = 2*w**2 - 3*w + 6. Let g(l) = -3*l**2 + 5*l - 11. Let r(p) = 3*g(p) + 5*v(p). What is r(5)?
22
Suppose 4*q - 12 = 0, 5*z - 5*q = -4 - 11. Suppose 4*v = -z*v + 4. Let x(i) = -i**2 + v + 0*i**2 - 5*i + 2. Calculate x(-7).
-11
Let n(p) = 8*p**2 - 17*p + 18. Let x(k) = -3*k**2 - 2. Let m(c) = 7*c**2 + c + 4. Let d(u) = -6*m(u) - 15*x(u). Let s(y) = -11*d(y) + 4*n(y). Determine s(-6).
-18
Let j(w) be the third derivative of 1/120*w**6 - 9*w**2 - 7/60*w**5 + 0 + 0*w + 7/24*w**4 + 0*w**3. Calculate j(6).
6
Let v(a) = 2*a**2 + 7*a**2 + 0*a**2 - 10*a**2 - 7*a - 1 + 3*a. Give v(-2).
3
Let n(f) = f - 10. Suppose 6 = -g - 0. Let k be (-8)/14 - 760/(-56). Let m = g + k. Give n(m).
-3
Let n(x) = -6*x**3 - x + 1. Let y be 1*(-1 - 0) - -8. Let j be (1*-1)/(y/(-42)). Suppose -5*a - 20 = 5*s, 21 = -4*a - j*s + s. Determine n(a).
-6
Let c be 7*(6 - (-15)/(-3)). Let m(j) = 0*j + 2*j - 8*j - 11 + c*j. Let f = 0 - 0. What is m(f)?
-11
Let a(s) be the third derivative of s**7/140 - s**4/24 - 3*s**3/2 - 3*s**2 - 3. Let f(w) be the first derivative of a(w). Calculate f(-1).
-7
Let n(l) = -214*l + 1 + 435*l - 221*l + 4*l**2. Calculate n(-1).
5
Let v(r) = r + 11. Let b = -40 + 30. Let d be v(b). Let l(u) = -4*u**3 - u**2 + u. Give l(d).
-4
Let q(j) = j**3 - 10*j - 10. Let m be q(-3). Let k(u) = -u**3 - 7*u**2 - 2*u - 7. What is k(m)?
7
Let g(u) = -u**3 + u**2 + 4*u. Let v(i) = 359*i**2 - 364*i**2 + i**3 + 0 + 7*i + 0. Let x be v(3). Calculate g(x).
-6
Let m(n) = 65 - 119 + 4*n + 18. Give m(8).
-4
Let k = -433 - -432. Let o(c) = 6*c**3 + c**2 + 2*c + 2. Calculate o(k).
-5
Let b(k) = -137*k - k**2 - 31 + 5*k**2 + 144*k - 3*k**2. Determine b(-10).
-1
Let f = 4 - 13. Let g(s) be the first derivative of -s**4/4 - 3*s**3 + s**2/2 + 9. Determine g(f).
-9
Let u(p) be the first derivative of 4*p**3/3 + p**2/2 - 184. Let g = -2 + 4. Calculate u(g).
18
Let h(v) be the third derivative of v**8/20160 + v**7/840 + v**6/720 - 11*v**5/30 - 15*v**2. Let u(s) be the third derivative of h(s). Give u(-5).
-4
Let q(p) = 2*p + 2. Let j(k) = 2*k + 1. Let n(v) = 5*j(v) - 4*q(v). Calculate n(-7).
-17
Let b(z) be the second derivative of z**4/12 - z**3 - 4*z**2 - 101*z. Give b(5).
-13
Let c(t) be the third derivative of t**6/120 - t**5/12 + t**4/24 + 5*t**3/6 + 589*t**2. Suppose 0 = 2*i - 4*i + 8. What is c(i)?
-7
Let r(o) = o**3 + o**2 + o + 4. Let w(d) = 4*d**2 - d - 2. Let t(v) = -11*v**2 + 3*v + 5. Let i(z) = 3*t(z) + 8*w(z). Let n be i(2). What is r(n)?
-17
Let w(a) = a**3 - 25*a**2 + 21*a + 72. Let o be w(24). Let b(y) = -y**3 - y**2 + y - 17. What is b(o)?
-17
Let v(f) = 7*f**2 - 2*f**2 + 0*f**2. Let g be -8 + (-27)/(27/(-10)). Give v(g).
20
Let n(s) be the third derivative of s**6/12 + s**4/24 + 4*s**2 - 6. Give n(1).
11
Let g be 9/(-36) + (-55)/4. Let s = 8 + g. Let p(w) = w - 7. Let a(k) = 2*k - 7. Let y(x) = 2*a(x) - 3*p(x). Give y(s).
1
Let d(m) = -4 + 3 - 2*m - 3. Let a(s) = 6*s**2 + 13*s + 14. Let x be a(-1). Calculate d(x).
-18
Let c(h) = -2*h - 7*h - 4*h + 13. Let z(s) = 6*s + 3. Let d(a) = -a - 1. Let v(u) = -9*d(u) - 2*z(u). Let m(y) = -2*c(y) + 9*v(y). Give m(1).
0
Let a(t) be the first derivative of -t**3/3 - 9*t**2 - 72*t - 40. Let l be a(-13). Let z(w) = w**3 + 7*w**2 - 3*w + 6. Give z(l).
27
Let u(c) be the first derivative of 11/6*c**3 + 8*c - 7 + 1/2*c**2. Let g(r) be the first derivative of u(r). Calculate g(-1).
-10
Suppose 64 = -13*l - 14. Let y be 39/(-26)*(-8)/l. Let o(p) = -p**2 + 2*p + 3. Determine o(y).
-5
Let j(f) = -11*f**3 + 13*f - 6. Let b(p) = -54*p + 0*p**2 - 3 + 60*p + 0*p**2 - 5*p**3. Let k(m) = 9*b(m) - 4*j(m). What is k(2)?
-7
Let g(s) be the second derivative of -s**3/6 - 4*s**2 + 10*s. Let r(z) = -z - 4. Let d(a) = 2*g(a) - 5*r(a). Determine d(-7).
-17
Let b(p) = p**3 - 5*p**2 - 7*p - 1. Let l(n) = -9*n - 165. Let m be l(-19). Calculate b(m).
-7
Suppose -25*y - 106 = -26*y. Let r(x) = 6 - 2*x**3 + 107*x - y*x + x**3 + x**2. Let k = 4 + -4. What is r(k)?
6
Let a be -2 + 0 + 0 - 2. Let l(n) be the second derivative of 16*n - 1/12*n**4 